{"id":1544,"date":"2022-02-02T17:03:53","date_gmt":"2022-02-02T16:03:53","guid":{"rendered":"https:\/\/veranstaltungsring.de\/vw\/?page_id=1544"},"modified":"2022-04-06T17:12:51","modified_gmt":"2022-04-06T15:12:51","slug":"23-04-22-landesjugendorchester-baden-wuerttemberg","status":"publish","type":"page","link":"https:\/\/veranstaltungsring.de\/vw\/23-04-22-landesjugendorchester-baden-wuerttemberg\/","title":{"rendered":"23.04.22: Landesjugendorchester Baden-W\u00fcrttemberg"},"content":{"rendered":"\n<p>Samstag 23.04.2022 | 19:30 Uhr<br>Eintritt: 30 \u20ac | Erm\u00e4\u00dfigt: 18 \u20ac | VRM-Mitglieder und KR-Abo frei<br>Stadthalle Metzingen<\/p>\n\n\n\n<p><img loading=\"lazy\" decoding=\"async\" width=\"150\" height=\"100\" class=\"wp-image-1667\" style=\"width: 150px;\" src=\"https:\/\/veranstaltungsring.de\/vw\/wp-content\/uploads\/2022\/04\/LJO_Gruppenbild_c-Kai-Knoerzer_1.jpg\" alt=\"\" srcset=\"https:\/\/veranstaltungsring.de\/vw\/wp-content\/uploads\/2022\/04\/LJO_Gruppenbild_c-Kai-Knoerzer_1.jpg 470w, https:\/\/veranstaltungsring.de\/vw\/wp-content\/uploads\/2022\/04\/LJO_Gruppenbild_c-Kai-Knoerzer_1-300x200.jpg 300w, https:\/\/veranstaltungsring.de\/vw\/wp-content\/uploads\/2022\/04\/LJO_Gruppenbild_c-Kai-Knoerzer_1-120x80.jpg 120w, https:\/\/veranstaltungsring.de\/vw\/wp-content\/uploads\/2022\/04\/LJO_Gruppenbild_c-Kai-Knoerzer_1-360x240.jpg 360w\" sizes=\"auto, (max-width: 150px) 100vw, 150px\" \/><\/p>\n\n\n\n<p>Mit au\u00dferordentlicher Spielfreude und herausragender k\u00fcnstlerischer Qualit\u00e4t begeistert das <strong>Landesjugendorchester Baden-W\u00fcrttemberg<\/strong> seit vielen Jahren Publikum und Fachwelt. Es versammelt die besten musikalischen Nachwuchstalente des Landes zwischen 13 und 19 Jahren und studiert w\u00e4hrend intensiver Arbeitsphasen mit renommierten Dirigenten und Solisten anspruchsvolle Orchesterliteratur ein. Im Fr\u00fchjahrskonzert 2022 sind es diese bedeutenden und vielgespielten Werke des 20. Jahrhunderts:<\/p>\n\n\n\n<p><strong>Programm:<\/strong><\/p>\n\n\n\n<p><strong>Robert Schumann<\/strong><br>Ouvert\u00fcre zum dramatischen Gedicht \u201eManfred\u201c op. 115<\/p>\n\n\n\n<p><strong>Max Bruch<br><\/strong>Konzert f\u00fcr Violine und Orchester Nr. 1 g-Moll op. 26<\/p>\n\n\n\n<p><strong>Johannes Brahms<\/strong><br>Sinfonie Nr 1 c-Moll op. 68<\/p>\n\n\n\n<p><\/p>\n","protected":false},"excerpt":{"rendered":"<p>Samstag 23.04.2022 | 19:30 UhrEintritt: 30 \u20ac | Erm\u00e4\u00dfigt: 18 \u20ac | VRM-Mitglieder und KR-Abo freiStadthalle Metzingen Mit au\u00dferordentlicher Spielfreude[&#8230;]<\/p>\n","protected":false},"author":3,"featured_media":0,"parent":0,"menu_order":0,"comment_status":"closed","ping_status":"closed","template":"","meta":{"footnotes":""},"class_list":["post-1544","page","type-page","status-publish","hentry"],"_links":{"self":[{"href":"https:\/\/veranstaltungsring.de\/vw\/wp-json\/wp\/v2\/pages\/1544","targetHints":{"allow":["GET"]}}],"collection":[{"href":"https:\/\/veranstaltungsring.de\/vw\/wp-json\/wp\/v2\/pages"}],"about":[{"href":"https:\/\/veranstaltungsring.de\/vw\/wp-json\/wp\/v2\/types\/page"}],"author":[{"embeddable":true,"href":"https:\/\/veranstaltungsring.de\/vw\/wp-json\/wp\/v2\/users\/3"}],"replies":[{"embeddable":true,"href":"https:\/\/veranstaltungsring.de\/vw\/wp-json\/wp\/v2\/comments?post=1544"}],"version-history":[{"count":6,"href":"https:\/\/veranstaltungsring.de\/vw\/wp-json\/wp\/v2\/pages\/1544\/revisions"}],"predecessor-version":[{"id":1670,"href":"https:\/\/veranstaltungsring.de\/vw\/wp-json\/wp\/v2\/pages\/1544\/revisions\/1670"}],"wp:attachment":[{"href":"https:\/\/veranstaltungsring.de\/vw\/wp-json\/wp\/v2\/media?parent=1544"}],"curies":[{"name":"wp","href":"https:\/\/api.w.org\/{rel}","templated":true}]}}

23.04.22: Landesjugendorchester Baden-Württemberg

<p>Samstag 23.04.2022 | 19:30 Uhr<br>Eintritt: 30 € | Ermäßigt: 18 € | VRM-Mitglieder und KR-Abo frei<br>Stadthalle Metzingen</p>



<p><img loading="lazy" decoding="async" width="150" height="100" class="wp-image-1667" style="width: 150px;" src="https://veranstaltungsring.de/vw/wp-content/uploads/2022/04/LJO_Gruppenbild_c-Kai-Knoerzer_1.jpg" alt="" srcset="https://veranstaltungsring.de/vw/wp-content/uploads/2022/04/LJO_Gruppenbild_c-Kai-Knoerzer_1.jpg 470w, https://veranstaltungsring.de/vw/wp-content/uploads/2022/04/LJO_Gruppenbild_c-Kai-Knoerzer_1-300x200.jpg 300w, https://veranstaltungsring.de/vw/wp-content/uploads/2022/04/LJO_Gruppenbild_c-Kai-Knoerzer_1-120x80.jpg 120w, https://veranstaltungsring.de/vw/wp-content/uploads/2022/04/LJO_Gruppenbild_c-Kai-Knoerzer_1-360x240.jpg 360w" sizes="auto, (max-width: 150px) 100vw, 150px" /></p>



<p>Mit außerordentlicher Spielfreude und herausragender künstlerischer Qualität begeistert das <strong>Landesjugendorchester Baden-Württemberg</strong> seit vielen Jahren Publikum und Fachwelt. Es versammelt die besten musikalischen Nachwuchstalente des Landes zwischen 13 und 19 Jahren und studiert während intensiver Arbeitsphasen mit renommierten Dirigenten und Solisten anspruchsvolle Orchesterliteratur ein. Im Frühjahrskonzert 2022 sind es diese bedeutenden und vielgespielten Werke des 20. Jahrhunderts:</p>



<p><strong>Programm:</strong></p>



<p><strong>Robert Schumann</strong><br>Ouvertüre zum dramatischen Gedicht „Manfred“ op. 115</p>



<p><strong>Max Bruch<br></strong>Konzert für Violine und Orchester Nr. 1 g-Moll op. 26</p>



<p><strong>Johannes Brahms</strong><br>Sinfonie Nr 1 c-Moll op. 68</p>



<p></p>

<p>Samstag 23.04.2022 | 19:30 UhrEintritt: 30 € | Ermäßigt: 18 € | VRM-Mitglieder und KR-Abo freiStadthalle Metzingen Mit außerordentlicher Spielfreude[&#8230;]</p>
