{"id":2344,"date":"2023-06-29T11:43:58","date_gmt":"2023-06-29T09:43:58","guid":{"rendered":"https:\/\/veranstaltungsring.de\/vw\/?page_id=2344"},"modified":"2023-06-29T11:43:58","modified_gmt":"2023-06-29T09:43:58","slug":"05-11-2023-konzert-fuer-den-frieden","status":"publish","type":"page","link":"https:\/\/veranstaltungsring.de\/vw\/05-11-2023-konzert-fuer-den-frieden\/","title":{"rendered":"05.11.2023 Konzert f\u00fcr den Frieden"},"content":{"rendered":"\n<p><strong>Sonntag, 05.11.2023 I 19:00 Uhr<br>Martinskirche Metzingen<\/strong><\/p>\n\n\n\n<p><strong>Eintritt: 18 \u20ac | erm\u00e4\u00dfigt 12 \u20ac | VRM-Mitglieder und Konzertreihe-Abonnenten frei.<\/strong><\/p>\n\n\n\n<p>Karten gibt es bei der TouristInfo Metzingen und an der Abendkasse.<\/p>\n\n\n\n<p><strong>Mit Werken von Schubert, Mahler, Wagner, Brahms, Karamanov u.a.<\/strong><\/p>\n\n\n\n<p>Klaus Peter Sperr, Bariton<br>Arina Dorovskhyk, Klavier<\/p>\n\n\n\n<p>Klaus Peter Sterr studierte an der Opernschule der Staatlichen Hochschule f\u00fcr Musik und Darstellende Kunst in Stuttgart. Er sang in Ch\u00f6ren u.a. an der Staatsoper Stuttgart, an der Opera de Nice und im Festspielhaus in Bayreuth. An verschiedenen Theatern und B\u00fchnen war er mit gro\u00dfen Rollen des Opern- und Operettenrepertoires engagiert.<\/p>\n\n\n\n<p>Die ukrainische Pianistin Arina Dorovskhyk kam zu Beginn des Jahres 2022 nach Deutschland. Nach dem Masterabschluss an der Nationalen Musikakademie in Odessa mit dem Hauptfach Klavier schlossen sich weitere Studien am Staatlichen College f\u00fcr Kunst und Kultur in Odessa an. In Deutschland erg\u00e4nzte sie schlie\u00dflich ihre Ausbildung an der Staatlichen Hochschule f\u00fcr Musik und Darstellende Kunst in Stuttgart.<\/p>\n\n\n\n<p>Mit Werken von Schubert, Mahler, Wagner u.a. f\u00fcr Bariton und Klavier sowie Brahms und Karamanov f\u00fcr Klavier gestalten die beiden K\u00fcnstler ein musikalisch bewegendes Pl\u00e4doyer f\u00fcr den Frieden &#8211; nicht nur in der Ukraine &#8211; und f\u00fcr die grenzenlose und verbindende Kraft der Musik. Das Konzert findet im Rahmen der Metzinger Friedenswochen statt in Kooperation mit dem Arbeitskreis Frieden. <\/p>\n\n\n\n<p>Dauer ca. 2 Stunden einschlie\u00dflich einer Pause<\/p>\n\n\n\n<figure class=\"wp-block-image size-full is-resized\"><img loading=\"lazy\" decoding=\"async\" src=\"https:\/\/veranstaltungsring.de\/vw\/wp-content\/uploads\/2022\/08\/VoBa_Logo.jpg\" alt=\"\" class=\"wp-image-1878\" width=\"465\" height=\"169\" srcset=\"https:\/\/veranstaltungsring.de\/vw\/wp-content\/uploads\/2022\/08\/VoBa_Logo.jpg 333w, https:\/\/veranstaltungsring.de\/vw\/wp-content\/uploads\/2022\/08\/VoBa_Logo-300x109.jpg 300w\" sizes=\"auto, (max-width: 465px) 100vw, 465px\" \/><\/figure>\n","protected":false},"excerpt":{"rendered":"<p>Sonntag, 05.11.2023 I 19:00 UhrMartinskirche Metzingen Eintritt: 18 \u20ac | erm\u00e4\u00dfigt 12 \u20ac | VRM-Mitglieder und Konzertreihe-Abonnenten frei. Karten gibt[&#8230;]<\/p>\n","protected":false},"author":4,"featured_media":0,"parent":0,"menu_order":0,"comment_status":"closed","ping_status":"closed","template":"","meta":{"footnotes":""},"class_list":["post-2344","page","type-page","status-publish","hentry"],"_links":{"self":[{"href":"https:\/\/veranstaltungsring.de\/vw\/wp-json\/wp\/v2\/pages\/2344","targetHints":{"allow":["GET"]}}],"collection":[{"href":"https:\/\/veranstaltungsring.de\/vw\/wp-json\/wp\/v2\/pages"}],"about":[{"href":"https:\/\/veranstaltungsring.de\/vw\/wp-json\/wp\/v2\/types\/page"}],"author":[{"embeddable":true,"href":"https:\/\/veranstaltungsring.de\/vw\/wp-json\/wp\/v2\/users\/4"}],"replies":[{"embeddable":true,"href":"https:\/\/veranstaltungsring.de\/vw\/wp-json\/wp\/v2\/comments?post=2344"}],"version-history":[{"count":1,"href":"https:\/\/veranstaltungsring.de\/vw\/wp-json\/wp\/v2\/pages\/2344\/revisions"}],"predecessor-version":[{"id":2345,"href":"https:\/\/veranstaltungsring.de\/vw\/wp-json\/wp\/v2\/pages\/2344\/revisions\/2345"}],"wp:attachment":[{"href":"https:\/\/veranstaltungsring.de\/vw\/wp-json\/wp\/v2\/media?parent=2344"}],"curies":[{"name":"wp","href":"https:\/\/api.w.org\/{rel}","templated":true}]}}

05.11.2023 Konzert für den Frieden

<p><strong>Sonntag, 05.11.2023 I 19:00 Uhr<br>Martinskirche Metzingen</strong></p>



<p><strong>Eintritt: 18 € | ermäßigt 12 € | VRM-Mitglieder und Konzertreihe-Abonnenten frei.</strong></p>



<p>Karten gibt es bei der TouristInfo Metzingen und an der Abendkasse.</p>



<p><strong>Mit Werken von Schubert, Mahler, Wagner, Brahms, Karamanov u.a.</strong></p>



<p>Klaus Peter Sperr, Bariton<br>Arina Dorovskhyk, Klavier</p>



<p>Klaus Peter Sterr studierte an der Opernschule der Staatlichen Hochschule für Musik und Darstellende Kunst in Stuttgart. Er sang in Chören u.a. an der Staatsoper Stuttgart, an der Opera de Nice und im Festspielhaus in Bayreuth. An verschiedenen Theatern und Bühnen war er mit großen Rollen des Opern- und Operettenrepertoires engagiert.</p>



<p>Die ukrainische Pianistin Arina Dorovskhyk kam zu Beginn des Jahres 2022 nach Deutschland. Nach dem Masterabschluss an der Nationalen Musikakademie in Odessa mit dem Hauptfach Klavier schlossen sich weitere Studien am Staatlichen College für Kunst und Kultur in Odessa an. In Deutschland ergänzte sie schließlich ihre Ausbildung an der Staatlichen Hochschule für Musik und Darstellende Kunst in Stuttgart.</p>



<p>Mit Werken von Schubert, Mahler, Wagner u.a. für Bariton und Klavier sowie Brahms und Karamanov für Klavier gestalten die beiden Künstler ein musikalisch bewegendes Plädoyer für den Frieden &#8211; nicht nur in der Ukraine &#8211; und für die grenzenlose und verbindende Kraft der Musik. Das Konzert findet im Rahmen der Metzinger Friedenswochen statt in Kooperation mit dem Arbeitskreis Frieden. </p>



<p>Dauer ca. 2 Stunden einschließlich einer Pause</p>



<figure class="wp-block-image size-full is-resized"><img loading="lazy" decoding="async" src="https://veranstaltungsring.de/vw/wp-content/uploads/2022/08/VoBa_Logo.jpg" alt="" class="wp-image-1878" width="465" height="169" srcset="https://veranstaltungsring.de/vw/wp-content/uploads/2022/08/VoBa_Logo.jpg 333w, https://veranstaltungsring.de/vw/wp-content/uploads/2022/08/VoBa_Logo-300x109.jpg 300w" sizes="auto, (max-width: 465px) 100vw, 465px" /></figure>

<p>Sonntag, 05.11.2023 I 19:00 UhrMartinskirche Metzingen Eintritt: 18 € | ermäßigt 12 € | VRM-Mitglieder und Konzertreihe-Abonnenten frei. Karten gibt[&#8230;]</p>
