{"id":2881,"date":"2024-11-04T12:59:44","date_gmt":"2024-11-04T11:59:44","guid":{"rendered":"https:\/\/veranstaltungsring.de\/vw\/?page_id=2881"},"modified":"2024-11-05T09:33:23","modified_gmt":"2024-11-05T08:33:23","slug":"08-02-2025-der-brandner-kaspar-kehrt-zurueck","status":"publish","type":"page","link":"https:\/\/veranstaltungsring.de\/vw\/08-02-2025-der-brandner-kaspar-kehrt-zurueck\/","title":{"rendered":"8.02.2025 Der Brandner Kaspar kehrt zur\u00fcck"},"content":{"rendered":"\n<p><strong>Samstag, 08.02.2025 I 20:00 Uhr<\/strong><br><strong>Stadthalle Metzingen<\/strong><br><strong>Einlass und Bewirtung ab 19:00 Uhr<\/strong><\/p>\n\n\n\n<p>Eintritt:  30 \u20ac I erm\u00e4\u00dfigt 26 \u20ac I VRM-Mitglieder frei. <br>Karten gibt es bei der TouristInfo Metzingen und an der Abendkasse. <\/p>\n\n\n\n<p><strong>Kom\u00f6die von Wolfgang Maria Bauer in schw\u00e4bischer Fassung<\/strong><br><strong>Theater Lindenhof Melchingen<\/strong><\/p>\n\n\n<div class=\"wp-block-image\">\n<figure class=\"alignleft size-large is-resized\"><img loading=\"lazy\" decoding=\"async\" width=\"683\" height=\"1024\" src=\"https:\/\/veranstaltungsring.de\/vw\/wp-content\/uploads\/2023\/05\/10_a_Der_Brandner_kehrt_TheaterLindenhof_presse13-683x1024.jpg\" alt=\"\" class=\"wp-image-2308\" style=\"width:223px;height:auto\" srcset=\"https:\/\/veranstaltungsring.de\/vw\/wp-content\/uploads\/2023\/05\/10_a_Der_Brandner_kehrt_TheaterLindenhof_presse13-683x1024.jpg 683w, https:\/\/veranstaltungsring.de\/vw\/wp-content\/uploads\/2023\/05\/10_a_Der_Brandner_kehrt_TheaterLindenhof_presse13-200x300.jpg 200w, https:\/\/veranstaltungsring.de\/vw\/wp-content\/uploads\/2023\/05\/10_a_Der_Brandner_kehrt_TheaterLindenhof_presse13-768x1152.jpg 768w, https:\/\/veranstaltungsring.de\/vw\/wp-content\/uploads\/2023\/05\/10_a_Der_Brandner_kehrt_TheaterLindenhof_presse13-1024x1536.jpg 1024w, https:\/\/veranstaltungsring.de\/vw\/wp-content\/uploads\/2023\/05\/10_a_Der_Brandner_kehrt_TheaterLindenhof_presse13-1365x2048.jpg 1365w, https:\/\/veranstaltungsring.de\/vw\/wp-content\/uploads\/2023\/05\/10_a_Der_Brandner_kehrt_TheaterLindenhof_presse13-scaled.jpg 1707w\" sizes=\"auto, (max-width: 683px) 100vw, 683px\" \/><figcaption class=\"wp-element-caption\">Richard Becker<\/figcaption><\/figure>\n<\/div>\n\n\n<p>Im himmlischen Paradies \u00fcber S\u00fcddeutschland hockt der Brandner nunmehr seit sieben Jahren und es ist auf Dauer recht langweilig. Auf der Erde dagegen muss dringend ein Verbrechen verhindert werden. Der Flori, Brandners Schwiegersohn, will sich das in B\u00fcrgermeister Senfles Garten vergrabene Verm\u00f6gen sichern und das wird die Senfle-Witwe nicht \u00fcberleben. Im Himmel wei\u00df man das schon, denn da erscheinen die Zeitungen immer zwei Tage vor den Ereignissen. Also muss der Brandner runter auf die Erde und eingreifen. Der Flori darf nicht zum R\u00e4uber und M\u00f6rder werden, immerhin hat er vier Kinder und ist die gro\u00dfe Liebe von der Marie, Brandners Enkelin. Gut, dass der Brandner im Knochenkarle einen Freund hat, der ihm hilft. Und gut auch, dass die hohe Dreieinigkeit beim J\u00fcngsten Gericht eine salomonische L\u00f6sung findet. Das irdische Leben scheint selbst in schwierigsten Situationen gestaltbar, vorausgesetzt man hat die n\u00f6tige Bauernschl\u00e4ue &#8211; wie der Brandner Kaspar.<\/p>\n\n\n\n<p>&#8222;Der Brandner Kaspar und das ewige Leben&#8220;, in der Inszenierung von Christoph Biermeier, war \u00fcber mehrere Jahre eine der erfolgreichsten Tourneeproduktionen des Theater Lindenhof. Nun setzt Christoph Biermeier die Fortschreibung des ber\u00fchmten Volkstheaterklassikers aus der Feder von Wolfgang Maria Bauer in Szene.<\/p>\n\n\n\n<p>Dauer ca. 2 Std. einschlie\u00dflich einer Pause<\/p>\n\n\n\n<p><\/p>\n\n\n<div class=\"wp-block-image\">\n<figure class=\"aligncenter size-full is-resized\"><img loading=\"lazy\" decoding=\"async\" width=\"1008\" height=\"137\" src=\"https:\/\/veranstaltungsring.de\/vw\/wp-content\/uploads\/2022\/08\/Logo_Kreissparkasse_Reutlingen_Mit_freundlicher_Unterstu\u0308tzung_856x116cm-Kopie-2.jpg\" alt=\"\" class=\"wp-image-1877\" style=\"width:456px;height:auto\" srcset=\"https:\/\/veranstaltungsring.de\/vw\/wp-content\/uploads\/2022\/08\/Logo_Kreissparkasse_Reutlingen_Mit_freundlicher_Unterstu\u0308tzung_856x116cm-Kopie-2.jpg 1008w, https:\/\/veranstaltungsring.de\/vw\/wp-content\/uploads\/2022\/08\/Logo_Kreissparkasse_Reutlingen_Mit_freundlicher_Unterstu\u0308tzung_856x116cm-Kopie-2-300x41.jpg 300w, https:\/\/veranstaltungsring.de\/vw\/wp-content\/uploads\/2022\/08\/Logo_Kreissparkasse_Reutlingen_Mit_freundlicher_Unterstu\u0308tzung_856x116cm-Kopie-2-768x104.jpg 768w\" sizes=\"auto, (max-width: 1008px) 100vw, 1008px\" \/><\/figure>\n<\/div>\n\n\n<p><\/p>\n","protected":false},"excerpt":{"rendered":"<p>Samstag, 08.02.2025 I 20:00 UhrStadthalle MetzingenEinlass und Bewirtung ab 19:00 Uhr Eintritt: 30 \u20ac I erm\u00e4\u00dfigt 26 \u20ac I VRM-Mitglieder[&#8230;]<\/p>\n","protected":false},"author":4,"featured_media":0,"parent":0,"menu_order":0,"comment_status":"closed","ping_status":"closed","template":"","meta":{"footnotes":""},"class_list":["post-2881","page","type-page","status-publish","hentry"],"_links":{"self":[{"href":"https:\/\/veranstaltungsring.de\/vw\/wp-json\/wp\/v2\/pages\/2881","targetHints":{"allow":["GET"]}}],"collection":[{"href":"https:\/\/veranstaltungsring.de\/vw\/wp-json\/wp\/v2\/pages"}],"about":[{"href":"https:\/\/veranstaltungsring.de\/vw\/wp-json\/wp\/v2\/types\/page"}],"author":[{"embeddable":true,"href":"https:\/\/veranstaltungsring.de\/vw\/wp-json\/wp\/v2\/users\/4"}],"replies":[{"embeddable":true,"href":"https:\/\/veranstaltungsring.de\/vw\/wp-json\/wp\/v2\/comments?post=2881"}],"version-history":[{"count":3,"href":"https:\/\/veranstaltungsring.de\/vw\/wp-json\/wp\/v2\/pages\/2881\/revisions"}],"predecessor-version":[{"id":2884,"href":"https:\/\/veranstaltungsring.de\/vw\/wp-json\/wp\/v2\/pages\/2881\/revisions\/2884"}],"wp:attachment":[{"href":"https:\/\/veranstaltungsring.de\/vw\/wp-json\/wp\/v2\/media?parent=2881"}],"curies":[{"name":"wp","href":"https:\/\/api.w.org\/{rel}","templated":true}]}}

8.02.2025 Der Brandner Kaspar kehrt zurück

<p><strong>Samstag, 08.02.2025 I 20:00 Uhr</strong><br><strong>Stadthalle Metzingen</strong><br><strong>Einlass und Bewirtung ab 19:00 Uhr</strong></p>



<p>Eintritt:  30 € I ermäßigt 26 € I VRM-Mitglieder frei. <br>Karten gibt es bei der TouristInfo Metzingen und an der Abendkasse. </p>



<p><strong>Komödie von Wolfgang Maria Bauer in schwäbischer Fassung</strong><br><strong>Theater Lindenhof Melchingen</strong></p>


<div class="wp-block-image">
<figure class="alignleft size-large is-resized"><img loading="lazy" decoding="async" width="683" height="1024" src="https://veranstaltungsring.de/vw/wp-content/uploads/2023/05/10_a_Der_Brandner_kehrt_TheaterLindenhof_presse13-683x1024.jpg" alt="" class="wp-image-2308" style="width:223px;height:auto" srcset="https://veranstaltungsring.de/vw/wp-content/uploads/2023/05/10_a_Der_Brandner_kehrt_TheaterLindenhof_presse13-683x1024.jpg 683w, https://veranstaltungsring.de/vw/wp-content/uploads/2023/05/10_a_Der_Brandner_kehrt_TheaterLindenhof_presse13-200x300.jpg 200w, https://veranstaltungsring.de/vw/wp-content/uploads/2023/05/10_a_Der_Brandner_kehrt_TheaterLindenhof_presse13-768x1152.jpg 768w, https://veranstaltungsring.de/vw/wp-content/uploads/2023/05/10_a_Der_Brandner_kehrt_TheaterLindenhof_presse13-1024x1536.jpg 1024w, https://veranstaltungsring.de/vw/wp-content/uploads/2023/05/10_a_Der_Brandner_kehrt_TheaterLindenhof_presse13-1365x2048.jpg 1365w, https://veranstaltungsring.de/vw/wp-content/uploads/2023/05/10_a_Der_Brandner_kehrt_TheaterLindenhof_presse13-scaled.jpg 1707w" sizes="auto, (max-width: 683px) 100vw, 683px" /><figcaption class="wp-element-caption">Richard Becker</figcaption></figure>
</div>


<p>Im himmlischen Paradies über Süddeutschland hockt der Brandner nunmehr seit sieben Jahren und es ist auf Dauer recht langweilig. Auf der Erde dagegen muss dringend ein Verbrechen verhindert werden. Der Flori, Brandners Schwiegersohn, will sich das in Bürgermeister Senfles Garten vergrabene Vermögen sichern und das wird die Senfle-Witwe nicht überleben. Im Himmel weiß man das schon, denn da erscheinen die Zeitungen immer zwei Tage vor den Ereignissen. Also muss der Brandner runter auf die Erde und eingreifen. Der Flori darf nicht zum Räuber und Mörder werden, immerhin hat er vier Kinder und ist die große Liebe von der Marie, Brandners Enkelin. Gut, dass der Brandner im Knochenkarle einen Freund hat, der ihm hilft. Und gut auch, dass die hohe Dreieinigkeit beim Jüngsten Gericht eine salomonische Lösung findet. Das irdische Leben scheint selbst in schwierigsten Situationen gestaltbar, vorausgesetzt man hat die nötige Bauernschläue &#8211; wie der Brandner Kaspar.</p>



<p>&#8222;Der Brandner Kaspar und das ewige Leben&#8220;, in der Inszenierung von Christoph Biermeier, war über mehrere Jahre eine der erfolgreichsten Tourneeproduktionen des Theater Lindenhof. Nun setzt Christoph Biermeier die Fortschreibung des berühmten Volkstheaterklassikers aus der Feder von Wolfgang Maria Bauer in Szene.</p>



<p>Dauer ca. 2 Std. einschließlich einer Pause</p>



<p></p>


<div class="wp-block-image">
<figure class="aligncenter size-full is-resized"><img loading="lazy" decoding="async" width="1008" height="137" src="https://veranstaltungsring.de/vw/wp-content/uploads/2022/08/Logo_Kreissparkasse_Reutlingen_Mit_freundlicher_Unterstützung_856x116cm-Kopie-2.jpg" alt="" class="wp-image-1877" style="width:456px;height:auto" srcset="https://veranstaltungsring.de/vw/wp-content/uploads/2022/08/Logo_Kreissparkasse_Reutlingen_Mit_freundlicher_Unterstützung_856x116cm-Kopie-2.jpg 1008w, https://veranstaltungsring.de/vw/wp-content/uploads/2022/08/Logo_Kreissparkasse_Reutlingen_Mit_freundlicher_Unterstützung_856x116cm-Kopie-2-300x41.jpg 300w, https://veranstaltungsring.de/vw/wp-content/uploads/2022/08/Logo_Kreissparkasse_Reutlingen_Mit_freundlicher_Unterstützung_856x116cm-Kopie-2-768x104.jpg 768w" sizes="auto, (max-width: 1008px) 100vw, 1008px" /></figure>
</div>


<p></p>

<p>Samstag, 08.02.2025 I 20:00 UhrStadthalle MetzingenEinlass und Bewirtung ab 19:00 Uhr Eintritt: 30 € I ermäßigt 26 € I VRM-Mitglieder[&#8230;]</p>
