{"id":3086,"date":"2025-10-10T09:18:54","date_gmt":"2025-10-10T07:18:54","guid":{"rendered":"https:\/\/veranstaltungsring.de\/vw\/?page_id=3086"},"modified":"2025-10-10T09:23:49","modified_gmt":"2025-10-10T07:23:49","slug":"21-11-2026-one-night-in-sweden-a-tribute-show-to-abba","status":"publish","type":"page","link":"https:\/\/veranstaltungsring.de\/vw\/21-11-2026-one-night-in-sweden-a-tribute-show-to-abba\/","title":{"rendered":"21.11.2026 ONE NIGHT IN SWEDEN &#8211; A TRIBUTE SHOW TO ABBA"},"content":{"rendered":"\n<p>Samstag, 21.11.2026 I 20:00 Uhr <br>Stadthalle Metzingen<br>Einlass und Bewirtung ab 19:00 Uhr <\/p>\n\n\n\n<p>Eintritt: VVK ab 38 \u20ac I erm\u00e4\u00dfigt ab 35 \u20ac I AK ab 40 \u20ac I erm\u00e4\u00dfigt ab 37 \u20ac I <br>VRM-Mitglieder bezahlen den erm\u00e4\u00dfigten Preis <br>Karten gibt es bei Reservix und der TouristInfo Metzingen und ggf. Restkarten an der Abendkasse <\/p>\n\n\n\n<figure class=\"wp-block-image size-full\"><a href=\"https:\/\/www.reservix.de\/tickets-one-night-in-sweden-a-tribute-show-to-abba-in-metzingen-stadthalle-am-21-11-2026\/e2465763?utm_medium=referral&amp;utm_source=dynamic&amp;utm_campaign=dynamic-prom-lb-o&amp;utm_content=Veranstaltungsring%20Metzingen%20e.V.%20(26811)\"><img loading=\"lazy\" decoding=\"async\" width=\"120\" height=\"40\" src=\"https:\/\/veranstaltungsring.de\/vw\/wp-content\/uploads\/2023\/05\/Buttons-zum-Ticketshop-120x40px.png\" alt=\"\" class=\"wp-image-2196\"\/><\/a><\/figure>\n\n\n\n<p><\/p>\n\n\n\n<p><strong>ONE NIGHT IN SWEDEN<\/strong><\/p>\n\n\n\n<p>Die gr\u00f6\u00dften ABBA-Hits aller Zeiten &#8211; ausgezeichnet mit dem deutschen \u201eRock &amp; Pop Preis\u201c<\/p>\n\n\n\n<p>Wir werden das Comeback von ABBA geb\u00fchrend feiern und haben hierf\u00fcr eine spektakul\u00e4re Konzertshow mit den besten Musikern und S\u00e4ngerinnen zusammengestellt.<\/p>\n\n\n<div class=\"wp-block-image\">\n<figure class=\"alignleft size-large is-resized\"><img loading=\"lazy\" decoding=\"async\" width=\"723\" height=\"1024\" src=\"https:\/\/veranstaltungsring.de\/vw\/wp-content\/uploads\/2025\/10\/ONE_NIGHT_IN_SWEDEN_Poster_A3_Neu_klein-723x1024.jpg\" alt=\"\" class=\"wp-image-3087\" style=\"width:208px;height:auto\" srcset=\"https:\/\/veranstaltungsring.de\/vw\/wp-content\/uploads\/2025\/10\/ONE_NIGHT_IN_SWEDEN_Poster_A3_Neu_klein-723x1024.jpg 723w, https:\/\/veranstaltungsring.de\/vw\/wp-content\/uploads\/2025\/10\/ONE_NIGHT_IN_SWEDEN_Poster_A3_Neu_klein-212x300.jpg 212w, https:\/\/veranstaltungsring.de\/vw\/wp-content\/uploads\/2025\/10\/ONE_NIGHT_IN_SWEDEN_Poster_A3_Neu_klein-768x1087.jpg 768w, https:\/\/veranstaltungsring.de\/vw\/wp-content\/uploads\/2025\/10\/ONE_NIGHT_IN_SWEDEN_Poster_A3_Neu_klein-1085x1536.jpg 1085w, https:\/\/veranstaltungsring.de\/vw\/wp-content\/uploads\/2025\/10\/ONE_NIGHT_IN_SWEDEN_Poster_A3_Neu_klein-1446x2048.jpg 1446w, https:\/\/veranstaltungsring.de\/vw\/wp-content\/uploads\/2025\/10\/ONE_NIGHT_IN_SWEDEN_Poster_A3_Neu_klein.jpg 1748w\" sizes=\"auto, (max-width: 723px) 100vw, 723px\" \/><\/figure>\n<\/div>\n\n\n<p>Linda Mikulec (Agnetha) und Simone Kerchner (Anni Fried) sorgen f\u00fcr das perfekte ABBA-Feeling. Linda hat bereits mit Schlager- und Popstars wie Helene Fischer, Unheilig, The Kelly Family, Vicky Leandros, Paul Potts und Robin Gibb zusammengearbeitet und tourte musikalisch auf dem ZDF-Traumschiff.<br>Simone Kerchner (Anni-Fried) eroberte nach ihrem Musikstudium die Musicalb\u00fchnen mit Hauptrollen in Evita, Marlene Dietrich oder Moulin Rouge und ging mit Chris de Burgh auf Tournee.<br>Florian Brettschneider, der mehrfach nationale und internationale Wettbewerbe als Gitarrist gewonnen hat, \u00fcbernimmt den Part von Bj\u00f6rn. DD D\u00f6hrn verk\u00f6rpert Benny am Piano und die Band wird durch den bekannten \u201eAllround-Drummer\u201c Thomas Bleser und Andreas D\u00fcro (Bass) vervollst\u00e4ndigt.<br><br>Es werden alle gro\u00dfen Hits von \u201eWaterloo\u201c bis \u201eMamma Mia\u201c zu h\u00f6ren sein z.B. auch The Winner Takes It All, Dancing Queen, Thank You For The Music, Money, Money, Money, Honey, Honey, Super Trouper, Knowing Me Knowing You, Fernando, Voulez-Vous,I Have A Dream, Chiquitita, Voulez-Vous u.v.m.<br><br>ONE Night IN SWEDEN\u201c wird zu einem unvergesslichen Konzerterlebnis f\u00fcr alle ABBA-Fans!<\/p>\n\n\n\n<p><\/p>\n\n\n<div class=\"wp-block-image\">\n<figure class=\"aligncenter size-full is-resized\"><img loading=\"lazy\" decoding=\"async\" width=\"333\" height=\"121\" src=\"https:\/\/veranstaltungsring.de\/vw\/wp-content\/uploads\/2022\/08\/VoBa_Logo.jpg\" alt=\"\" class=\"wp-image-1878\" style=\"width:454px;height:auto\" srcset=\"https:\/\/veranstaltungsring.de\/vw\/wp-content\/uploads\/2022\/08\/VoBa_Logo.jpg 333w, https:\/\/veranstaltungsring.de\/vw\/wp-content\/uploads\/2022\/08\/VoBa_Logo-300x109.jpg 300w\" sizes=\"auto, (max-width: 333px) 100vw, 333px\" \/><\/figure>\n<\/div>","protected":false},"excerpt":{"rendered":"<p>Samstag, 21.11.2026 I 20:00 Uhr Stadthalle MetzingenEinlass und Bewirtung ab 19:00 Uhr Eintritt: VVK ab 38 \u20ac I erm\u00e4\u00dfigt ab[&#8230;]<\/p>\n","protected":false},"author":4,"featured_media":0,"parent":0,"menu_order":0,"comment_status":"closed","ping_status":"closed","template":"","meta":{"footnotes":""},"class_list":["post-3086","page","type-page","status-publish","hentry"],"_links":{"self":[{"href":"https:\/\/veranstaltungsring.de\/vw\/wp-json\/wp\/v2\/pages\/3086","targetHints":{"allow":["GET"]}}],"collection":[{"href":"https:\/\/veranstaltungsring.de\/vw\/wp-json\/wp\/v2\/pages"}],"about":[{"href":"https:\/\/veranstaltungsring.de\/vw\/wp-json\/wp\/v2\/types\/page"}],"author":[{"embeddable":true,"href":"https:\/\/veranstaltungsring.de\/vw\/wp-json\/wp\/v2\/users\/4"}],"replies":[{"embeddable":true,"href":"https:\/\/veranstaltungsring.de\/vw\/wp-json\/wp\/v2\/comments?post=3086"}],"version-history":[{"count":6,"href":"https:\/\/veranstaltungsring.de\/vw\/wp-json\/wp\/v2\/pages\/3086\/revisions"}],"predecessor-version":[{"id":3094,"href":"https:\/\/veranstaltungsring.de\/vw\/wp-json\/wp\/v2\/pages\/3086\/revisions\/3094"}],"wp:attachment":[{"href":"https:\/\/veranstaltungsring.de\/vw\/wp-json\/wp\/v2\/media?parent=3086"}],"curies":[{"name":"wp","href":"https:\/\/api.w.org\/{rel}","templated":true}]}}

<p>Samstag, 21.11.2026 I 20:00 Uhr <br>Stadthalle Metzingen<br>Einlass und Bewirtung ab 19:00 Uhr </p>



<p>Eintritt: VVK ab 38 € I ermäßigt ab 35 € I AK ab 40 € I ermäßigt ab 37 € I <br>VRM-Mitglieder bezahlen den ermäßigten Preis <br>Karten gibt es bei Reservix und der TouristInfo Metzingen und ggf. Restkarten an der Abendkasse </p>



<figure class="wp-block-image size-full"><a href="https://www.reservix.de/tickets-one-night-in-sweden-a-tribute-show-to-abba-in-metzingen-stadthalle-am-21-11-2026/e2465763?utm_medium=referral&amp;utm_source=dynamic&amp;utm_campaign=dynamic-prom-lb-o&amp;utm_content=Veranstaltungsring%20Metzingen%20e.V.%20(26811)"><img loading="lazy" decoding="async" width="120" height="40" src="https://veranstaltungsring.de/vw/wp-content/uploads/2023/05/Buttons-zum-Ticketshop-120x40px.png" alt="" class="wp-image-2196"/></a></figure>



<p></p>



<p><strong>ONE NIGHT IN SWEDEN</strong></p>



<p>Die größten ABBA-Hits aller Zeiten &#8211; ausgezeichnet mit dem deutschen „Rock &amp; Pop Preis“</p>



<p>Wir werden das Comeback von ABBA gebührend feiern und haben hierfür eine spektakuläre Konzertshow mit den besten Musikern und Sängerinnen zusammengestellt.</p>


<div class="wp-block-image">
<figure class="alignleft size-large is-resized"><img loading="lazy" decoding="async" width="723" height="1024" src="https://veranstaltungsring.de/vw/wp-content/uploads/2025/10/ONE_NIGHT_IN_SWEDEN_Poster_A3_Neu_klein-723x1024.jpg" alt="" class="wp-image-3087" style="width:208px;height:auto" srcset="https://veranstaltungsring.de/vw/wp-content/uploads/2025/10/ONE_NIGHT_IN_SWEDEN_Poster_A3_Neu_klein-723x1024.jpg 723w, https://veranstaltungsring.de/vw/wp-content/uploads/2025/10/ONE_NIGHT_IN_SWEDEN_Poster_A3_Neu_klein-212x300.jpg 212w, https://veranstaltungsring.de/vw/wp-content/uploads/2025/10/ONE_NIGHT_IN_SWEDEN_Poster_A3_Neu_klein-768x1087.jpg 768w, https://veranstaltungsring.de/vw/wp-content/uploads/2025/10/ONE_NIGHT_IN_SWEDEN_Poster_A3_Neu_klein-1085x1536.jpg 1085w, https://veranstaltungsring.de/vw/wp-content/uploads/2025/10/ONE_NIGHT_IN_SWEDEN_Poster_A3_Neu_klein-1446x2048.jpg 1446w, https://veranstaltungsring.de/vw/wp-content/uploads/2025/10/ONE_NIGHT_IN_SWEDEN_Poster_A3_Neu_klein.jpg 1748w" sizes="auto, (max-width: 723px) 100vw, 723px" /></figure>
</div>


<p>Linda Mikulec (Agnetha) und Simone Kerchner (Anni Fried) sorgen für das perfekte ABBA-Feeling. Linda hat bereits mit Schlager- und Popstars wie Helene Fischer, Unheilig, The Kelly Family, Vicky Leandros, Paul Potts und Robin Gibb zusammengearbeitet und tourte musikalisch auf dem ZDF-Traumschiff.<br>Simone Kerchner (Anni-Fried) eroberte nach ihrem Musikstudium die Musicalbühnen mit Hauptrollen in Evita, Marlene Dietrich oder Moulin Rouge und ging mit Chris de Burgh auf Tournee.<br>Florian Brettschneider, der mehrfach nationale und internationale Wettbewerbe als Gitarrist gewonnen hat, übernimmt den Part von Björn. DD Döhrn verkörpert Benny am Piano und die Band wird durch den bekannten „Allround-Drummer“ Thomas Bleser und Andreas Düro (Bass) vervollständigt.<br><br>Es werden alle großen Hits von „Waterloo“ bis „Mamma Mia“ zu hören sein z.B. auch The Winner Takes It All, Dancing Queen, Thank You For The Music, Money, Money, Money, Honey, Honey, Super Trouper, Knowing Me Knowing You, Fernando, Voulez-Vous,I Have A Dream, Chiquitita, Voulez-Vous u.v.m.<br><br>ONE Night IN SWEDEN“ wird zu einem unvergesslichen Konzerterlebnis für alle ABBA-Fans!</p>



<p></p>


<div class="wp-block-image">
<figure class="aligncenter size-full is-resized"><img loading="lazy" decoding="async" width="333" height="121" src="https://veranstaltungsring.de/vw/wp-content/uploads/2022/08/VoBa_Logo.jpg" alt="" class="wp-image-1878" style="width:454px;height:auto" srcset="https://veranstaltungsring.de/vw/wp-content/uploads/2022/08/VoBa_Logo.jpg 333w, https://veranstaltungsring.de/vw/wp-content/uploads/2022/08/VoBa_Logo-300x109.jpg 300w" sizes="auto, (max-width: 333px) 100vw, 333px" /></figure>
</div>

<p>Samstag, 21.11.2026 I 20:00 Uhr Stadthalle MetzingenEinlass und Bewirtung ab 19:00 Uhr Eintritt: VVK ab 38 € I ermäßigt ab[&#8230;]</p>
