{"id":3099,"date":"2025-10-15T11:47:17","date_gmt":"2025-10-15T09:47:17","guid":{"rendered":"https:\/\/veranstaltungsring.de\/vw\/?page_id=3099"},"modified":"2026-01-22T18:15:52","modified_gmt":"2026-01-22T17:15:52","slug":"31-01-26-lisa-federle-und-boris-palmer","status":"publish","type":"page","link":"https:\/\/veranstaltungsring.de\/vw\/31-01-26-lisa-federle-und-boris-palmer\/","title":{"rendered":"31.01.26 Lisa Federle und Boris Palmer"},"content":{"rendered":"\n<p><strong>Sa. 31.1.2026 I 19:00 Uhr <br>Stadthalle Metzingen <br>Einlass und Bewirtung ab 18:00 Uhr<\/strong> <\/p>\n\n\n\n<p>Eintritt: VVK 24 \u20ac I erm. 20 \u20ac I AK 26 \u20ac I erm. 22 \u20ac I VRM-Mitglieder erm\u00e4\u00dfigt <br>Karten gibt es bei Reservix, der TouristInfo Metzingen und gegebenfalls Restkarten an der Abendkasse.<\/p>\n\n\n\n<figure class=\"wp-block-image size-full\"><a href=\"https:\/\/www.reservix.de\/tickets-lisa-federle-und-boris-palmer-wir-machen-das-jetzt-in-metzingen-stadthalle-am-31-1-2026\/e2472341?utm_medium=referral&amp;utm_source=dynamic&amp;utm_campaign=dynamic-prom-lb-o&amp;utm_content=Veranstaltungsring%20Metzingen%20e.V.%20(26811)\"><img loading=\"lazy\" decoding=\"async\" width=\"120\" height=\"40\" src=\"https:\/\/veranstaltungsring.de\/vw\/wp-content\/uploads\/2023\/05\/Buttons-zum-Ticketshop-120x40px.png\" alt=\"\" class=\"wp-image-2196\"\/><\/a><\/figure>\n\n\n\n<p><strong>Wir machen das jetzt!<\/strong><\/p>\n\n\n<div class=\"wp-block-image\">\n<figure class=\"alignright size-full is-resized\"><img loading=\"lazy\" decoding=\"async\" width=\"792\" height=\"972\" src=\"https:\/\/veranstaltungsring.de\/vw\/wp-content\/uploads\/2025\/10\/Federle_Palmer_Manfred_Esser.jpg\" alt=\"\" class=\"wp-image-3100\" style=\"width:249px;height:auto\" srcset=\"https:\/\/veranstaltungsring.de\/vw\/wp-content\/uploads\/2025\/10\/Federle_Palmer_Manfred_Esser.jpg 792w, https:\/\/veranstaltungsring.de\/vw\/wp-content\/uploads\/2025\/10\/Federle_Palmer_Manfred_Esser-244x300.jpg 244w, https:\/\/veranstaltungsring.de\/vw\/wp-content\/uploads\/2025\/10\/Federle_Palmer_Manfred_Esser-768x943.jpg 768w\" sizes=\"auto, (max-width: 792px) 100vw, 792px\" \/><figcaption class=\"wp-element-caption\">Markus Esser<\/figcaption><\/figure>\n<\/div>\n\n\n<p>\u00dcber den Mut neue Wege zu gehen.<br>Ob Klimawandel, Wirtschaftskrise, Wohnungsnot oder die Angst vor sozialem Abstieg: Wir stehen vor einer bedr\u00fcckend gro\u00dfen Zahl an Problemen. Immer mehr Menschen suchen ihr Heil am rechten Rand. Mit ihrem Buch wollen Boris Palmer und Lisa Federle ein Statement f\u00fcr die Demokratie und gegen den Populismus setzen. Sie analysieren Probleme im Bildungssystem, bei Zuwanderung, Digitalisierung, Infrastruktur oder im Wohnungsbau. Wohlwissend, dass einfache L\u00f6sungen keinen Ausweg bieten, pr\u00e4sentieren sie Fakten, Fallgeschichten und pragmatische Ans\u00e4tze jenseits von parteipolitischem Kalk\u00fcl. Ihr Buch will Orientierung schaffen, Sicherheit bieten und die Zuversicht, dass wir gemeinsam die Krisen unserer Zeit bew\u00e4ltigen.<\/p>\n\n\n\n<p><\/p>\n\n\n\n<p><\/p>\n\n\n\n<p>Eine Veranstaltung f\u00fcr alle, die sich nicht mit der aktuellen Situation zufriedengeben m\u00f6chten!<\/p>\n\n\n\n<p><\/p>\n\n\n\n<p>Dauer ca. 2 Std. einschlie\u00dflich einer Pause<\/p>\n\n\n<div class=\"wp-block-image\">\n<figure class=\"aligncenter size-full is-resized\"><img loading=\"lazy\" decoding=\"async\" width=\"333\" height=\"121\" src=\"https:\/\/veranstaltungsring.de\/vw\/wp-content\/uploads\/2022\/08\/VoBa_Logo.jpg\" alt=\"\" class=\"wp-image-1878\" style=\"width:471px;height:auto\" srcset=\"https:\/\/veranstaltungsring.de\/vw\/wp-content\/uploads\/2022\/08\/VoBa_Logo.jpg 333w, https:\/\/veranstaltungsring.de\/vw\/wp-content\/uploads\/2022\/08\/VoBa_Logo-300x109.jpg 300w\" sizes=\"auto, (max-width: 333px) 100vw, 333px\" \/><\/figure>\n<\/div>\n\n\n<p><\/p>\n","protected":false},"excerpt":{"rendered":"<p>Sa. 31.1.2026 I 19:00 Uhr Stadthalle Metzingen Einlass und Bewirtung ab 18:00 Uhr Eintritt: VVK 24 \u20ac I erm. 20[&#8230;]<\/p>\n","protected":false},"author":4,"featured_media":3100,"parent":0,"menu_order":0,"comment_status":"closed","ping_status":"closed","template":"","meta":{"footnotes":""},"class_list":["post-3099","page","type-page","status-publish","has-post-thumbnail","hentry"],"_links":{"self":[{"href":"https:\/\/veranstaltungsring.de\/vw\/wp-json\/wp\/v2\/pages\/3099","targetHints":{"allow":["GET"]}}],"collection":[{"href":"https:\/\/veranstaltungsring.de\/vw\/wp-json\/wp\/v2\/pages"}],"about":[{"href":"https:\/\/veranstaltungsring.de\/vw\/wp-json\/wp\/v2\/types\/page"}],"author":[{"embeddable":true,"href":"https:\/\/veranstaltungsring.de\/vw\/wp-json\/wp\/v2\/users\/4"}],"replies":[{"embeddable":true,"href":"https:\/\/veranstaltungsring.de\/vw\/wp-json\/wp\/v2\/comments?post=3099"}],"version-history":[{"count":8,"href":"https:\/\/veranstaltungsring.de\/vw\/wp-json\/wp\/v2\/pages\/3099\/revisions"}],"predecessor-version":[{"id":3108,"href":"https:\/\/veranstaltungsring.de\/vw\/wp-json\/wp\/v2\/pages\/3099\/revisions\/3108"}],"wp:featuredmedia":[{"embeddable":true,"href":"https:\/\/veranstaltungsring.de\/vw\/wp-json\/wp\/v2\/media\/3100"}],"wp:attachment":[{"href":"https:\/\/veranstaltungsring.de\/vw\/wp-json\/wp\/v2\/media?parent=3099"}],"curies":[{"name":"wp","href":"https:\/\/api.w.org\/{rel}","templated":true}]}}

<p><strong>Sa. 31.1.2026 I 19:00 Uhr <br>Stadthalle Metzingen <br>Einlass und Bewirtung ab 18:00 Uhr</strong> </p>



<p>Eintritt: VVK 24 € I erm. 20 € I AK 26 € I erm. 22 € I VRM-Mitglieder ermäßigt <br>Karten gibt es bei Reservix, der TouristInfo Metzingen und gegebenfalls Restkarten an der Abendkasse.</p>



<figure class="wp-block-image size-full"><a href="https://www.reservix.de/tickets-lisa-federle-und-boris-palmer-wir-machen-das-jetzt-in-metzingen-stadthalle-am-31-1-2026/e2472341?utm_medium=referral&amp;utm_source=dynamic&amp;utm_campaign=dynamic-prom-lb-o&amp;utm_content=Veranstaltungsring%20Metzingen%20e.V.%20(26811)"><img loading="lazy" decoding="async" width="120" height="40" src="https://veranstaltungsring.de/vw/wp-content/uploads/2023/05/Buttons-zum-Ticketshop-120x40px.png" alt="" class="wp-image-2196"/></a></figure>



<p><strong>Wir machen das jetzt!</strong></p>


<div class="wp-block-image">
<figure class="alignright size-full is-resized"><img loading="lazy" decoding="async" width="792" height="972" src="https://veranstaltungsring.de/vw/wp-content/uploads/2025/10/Federle_Palmer_Manfred_Esser.jpg" alt="" class="wp-image-3100" style="width:249px;height:auto" srcset="https://veranstaltungsring.de/vw/wp-content/uploads/2025/10/Federle_Palmer_Manfred_Esser.jpg 792w, https://veranstaltungsring.de/vw/wp-content/uploads/2025/10/Federle_Palmer_Manfred_Esser-244x300.jpg 244w, https://veranstaltungsring.de/vw/wp-content/uploads/2025/10/Federle_Palmer_Manfred_Esser-768x943.jpg 768w" sizes="auto, (max-width: 792px) 100vw, 792px" /><figcaption class="wp-element-caption">Markus Esser</figcaption></figure>
</div>


<p>Über den Mut neue Wege zu gehen.<br>Ob Klimawandel, Wirtschaftskrise, Wohnungsnot oder die Angst vor sozialem Abstieg: Wir stehen vor einer bedrückend großen Zahl an Problemen. Immer mehr Menschen suchen ihr Heil am rechten Rand. Mit ihrem Buch wollen Boris Palmer und Lisa Federle ein Statement für die Demokratie und gegen den Populismus setzen. Sie analysieren Probleme im Bildungssystem, bei Zuwanderung, Digitalisierung, Infrastruktur oder im Wohnungsbau. Wohlwissend, dass einfache Lösungen keinen Ausweg bieten, präsentieren sie Fakten, Fallgeschichten und pragmatische Ansätze jenseits von parteipolitischem Kalkül. Ihr Buch will Orientierung schaffen, Sicherheit bieten und die Zuversicht, dass wir gemeinsam die Krisen unserer Zeit bewältigen.</p>



<p></p>



<p></p>



<p>Eine Veranstaltung für alle, die sich nicht mit der aktuellen Situation zufriedengeben möchten!</p>



<p></p>



<p>Dauer ca. 2 Std. einschließlich einer Pause</p>


<div class="wp-block-image">
<figure class="aligncenter size-full is-resized"><img loading="lazy" decoding="async" width="333" height="121" src="https://veranstaltungsring.de/vw/wp-content/uploads/2022/08/VoBa_Logo.jpg" alt="" class="wp-image-1878" style="width:471px;height:auto" srcset="https://veranstaltungsring.de/vw/wp-content/uploads/2022/08/VoBa_Logo.jpg 333w, https://veranstaltungsring.de/vw/wp-content/uploads/2022/08/VoBa_Logo-300x109.jpg 300w" sizes="auto, (max-width: 333px) 100vw, 333px" /></figure>
</div>


<p></p>
