{"id":3184,"date":"2025-12-12T13:55:06","date_gmt":"2025-12-12T12:55:06","guid":{"rendered":"https:\/\/veranstaltungsring.de\/vw\/?page_id=3184"},"modified":"2026-03-24T08:33:15","modified_gmt":"2026-03-24T07:33:15","slug":"28-06-2026-lotus-quartett","status":"publish","type":"page","link":"https:\/\/veranstaltungsring.de\/vw\/28-06-2026-lotus-quartett\/","title":{"rendered":"28.06.2026 Lotus Quartett"},"content":{"rendered":"\n<p><strong>Samstag, 28.06.2026 I 19:00 Uhr<\/strong> <br><strong>Sparkassen-Forum Metzingen<\/strong> <br><strong>Einlass und Bewirtung ab 18:00 Uhr<\/strong><\/p>\n\n\n\n<p>Eintritt: 22 \u20ac I erm\u00e4\u00dfigt 18 \u20ac I VRM-Mitglieder frei &#8211; Achtung: begrenztes Sitzplatzangebot &#8211; bitte um fr\u00fchzeitige Reservierung im VRM-B\u00fcro! <br>Karten gibt es bei der TouristInfo Metzingen und ggf. Restkarten an der Abendkasse.<\/p>\n\n\n\n<p><strong>Kammermusik f\u00fcr Streichquartett<\/strong><\/p>\n\n\n<div class=\"wp-block-image\">\n<figure class=\"alignright size-large is-resized\"><img loading=\"lazy\" decoding=\"async\" width=\"1024\" height=\"683\" src=\"https:\/\/veranstaltungsring.de\/vw\/wp-content\/uploads\/2025\/12\/19_LOTUS-Quartett_09-2025_Sven-Cichowicz_highres_0I9A1411_klein-1024x683.jpg\" alt=\"\" class=\"wp-image-3185\" style=\"aspect-ratio:1.4992728028256805;width:358px;height:auto\" srcset=\"https:\/\/veranstaltungsring.de\/vw\/wp-content\/uploads\/2025\/12\/19_LOTUS-Quartett_09-2025_Sven-Cichowicz_highres_0I9A1411_klein-1024x683.jpg 1024w, https:\/\/veranstaltungsring.de\/vw\/wp-content\/uploads\/2025\/12\/19_LOTUS-Quartett_09-2025_Sven-Cichowicz_highres_0I9A1411_klein-300x200.jpg 300w, https:\/\/veranstaltungsring.de\/vw\/wp-content\/uploads\/2025\/12\/19_LOTUS-Quartett_09-2025_Sven-Cichowicz_highres_0I9A1411_klein-768x512.jpg 768w, https:\/\/veranstaltungsring.de\/vw\/wp-content\/uploads\/2025\/12\/19_LOTUS-Quartett_09-2025_Sven-Cichowicz_highres_0I9A1411_klein-1536x1024.jpg 1536w, https:\/\/veranstaltungsring.de\/vw\/wp-content\/uploads\/2025\/12\/19_LOTUS-Quartett_09-2025_Sven-Cichowicz_highres_0I9A1411_klein-2048x1366.jpg 2048w, https:\/\/veranstaltungsring.de\/vw\/wp-content\/uploads\/2025\/12\/19_LOTUS-Quartett_09-2025_Sven-Cichowicz_highres_0I9A1411_klein-840x560.jpg 840w, https:\/\/veranstaltungsring.de\/vw\/wp-content\/uploads\/2025\/12\/19_LOTUS-Quartett_09-2025_Sven-Cichowicz_highres_0I9A1411_klein-120x80.jpg 120w, https:\/\/veranstaltungsring.de\/vw\/wp-content\/uploads\/2025\/12\/19_LOTUS-Quartett_09-2025_Sven-Cichowicz_highres_0I9A1411_klein-360x240.jpg 360w, https:\/\/veranstaltungsring.de\/vw\/wp-content\/uploads\/2025\/12\/19_LOTUS-Quartett_09-2025_Sven-Cichowicz_highres_0I9A1411_klein-600x400.jpg 600w\" sizes=\"auto, (max-width: 1024px) 100vw, 1024px\" \/><figcaption class=\"wp-element-caption\">\u00a9Sven Cichowicz<\/figcaption><\/figure>\n<\/div>\n\n\n<p>1992 in Tokyo gegr\u00fcndet, ist das Lotus Quartett aus Stuttgart eines der wenigen rein weiblich besetzten Quartette, das so lange in ann\u00e4hernd unver\u00e4nderter Besetzung auf Top-Niveau gespielt hat. Die f\u00fcr den Geist des Ensembles charakteristische Verschmelzung kultureller Einfl\u00fcsse aus Japan und Deutschland bekommt nun weitere Impulse: Mit der Spielzeit 2025\/26 wird Christine Busch Teil des Quartetts. Die als Professorin in Stuttgart lehrende Geigerin ist solistisch vor allem auf dem Gebiet der historischen Auff\u00fchrungspraxis hervorgetreten und hat viel beachtete Einspielungen vorgelegt. Seit der Neubesetzung wechseln sich Sachiko Kobayashi und Christine Busch in den beiden Geigenparts ab. <br>Erstes gro\u00dfes Vorhaben in neuer Konstellation ist im M\u00e4rz 2026 eine Japan-Tournee.<\/p>\n\n\n\n<p>Seit seiner Gr\u00fcndung konnte sich das Lotus Quartett innerhalb kurzer Zeit als Gast der bedeutenden Reihen und Festivals etablieren. Seit 1998 war es j\u00e4hrlich mit zyklischen Projekten in Darmstadt zu h\u00f6ren. 2017 stand ein Beethoven-Zyklus in Japan auf dem Programm; 2018 folgten Auff\u00fchrungen der sp\u00e4ten Quartette Beethovens in mehreren japanischen St\u00e4dten. Die Tournee zum 30-j\u00e4hrigen Bestehen des Ensembles im Februar 2023 umfasste die Darbietung aller sechs Quartette von Felix Mendelssohn.&nbsp;&nbsp;<\/p>\n\n\n\n<p>Dauer: 2 Std. einschlie\u00dflich einer Pause <\/p>\n\n\n<div class=\"wp-block-image\">\n<figure class=\"aligncenter size-full is-resized\"><img loading=\"lazy\" decoding=\"async\" width=\"1008\" height=\"137\" src=\"https:\/\/veranstaltungsring.de\/vw\/wp-content\/uploads\/2022\/08\/Logo_Kreissparkasse_Reutlingen_Mit_freundlicher_Unterstu\u0308tzung_856x116cm-Kopie-2.jpg\" alt=\"\" class=\"wp-image-1877\" style=\"aspect-ratio:7.358244055395871;width:596px;height:auto\" srcset=\"https:\/\/veranstaltungsring.de\/vw\/wp-content\/uploads\/2022\/08\/Logo_Kreissparkasse_Reutlingen_Mit_freundlicher_Unterstu\u0308tzung_856x116cm-Kopie-2.jpg 1008w, https:\/\/veranstaltungsring.de\/vw\/wp-content\/uploads\/2022\/08\/Logo_Kreissparkasse_Reutlingen_Mit_freundlicher_Unterstu\u0308tzung_856x116cm-Kopie-2-300x41.jpg 300w, https:\/\/veranstaltungsring.de\/vw\/wp-content\/uploads\/2022\/08\/Logo_Kreissparkasse_Reutlingen_Mit_freundlicher_Unterstu\u0308tzung_856x116cm-Kopie-2-768x104.jpg 768w\" sizes=\"auto, (max-width: 1008px) 100vw, 1008px\" \/><\/figure>\n<\/div>\n\n\n<p><\/p>\n","protected":false},"excerpt":{"rendered":"<p>Samstag, 28.06.2026 I 19:00 Uhr Sparkassen-Forum Metzingen Einlass und Bewirtung ab 18:00 Uhr Eintritt: 22 \u20ac I erm\u00e4\u00dfigt 18 \u20ac[&#8230;]<\/p>\n","protected":false},"author":4,"featured_media":0,"parent":0,"menu_order":0,"comment_status":"closed","ping_status":"closed","template":"","meta":{"footnotes":""},"class_list":["post-3184","page","type-page","status-publish","hentry"],"_links":{"self":[{"href":"https:\/\/veranstaltungsring.de\/vw\/wp-json\/wp\/v2\/pages\/3184","targetHints":{"allow":["GET"]}}],"collection":[{"href":"https:\/\/veranstaltungsring.de\/vw\/wp-json\/wp\/v2\/pages"}],"about":[{"href":"https:\/\/veranstaltungsring.de\/vw\/wp-json\/wp\/v2\/types\/page"}],"author":[{"embeddable":true,"href":"https:\/\/veranstaltungsring.de\/vw\/wp-json\/wp\/v2\/users\/4"}],"replies":[{"embeddable":true,"href":"https:\/\/veranstaltungsring.de\/vw\/wp-json\/wp\/v2\/comments?post=3184"}],"version-history":[{"count":5,"href":"https:\/\/veranstaltungsring.de\/vw\/wp-json\/wp\/v2\/pages\/3184\/revisions"}],"predecessor-version":[{"id":3279,"href":"https:\/\/veranstaltungsring.de\/vw\/wp-json\/wp\/v2\/pages\/3184\/revisions\/3279"}],"wp:attachment":[{"href":"https:\/\/veranstaltungsring.de\/vw\/wp-json\/wp\/v2\/media?parent=3184"}],"curies":[{"name":"wp","href":"https:\/\/api.w.org\/{rel}","templated":true}]}}

<p><strong>Samstag, 28.06.2026 I 19:00 Uhr</strong> <br><strong>Sparkassen-Forum Metzingen</strong> <br><strong>Einlass und Bewirtung ab 18:00 Uhr</strong></p>



<p>Eintritt: 22 € I ermäßigt 18 € I VRM-Mitglieder frei &#8211; Achtung: begrenztes Sitzplatzangebot &#8211; bitte um frühzeitige Reservierung im VRM-Büro! <br>Karten gibt es bei der TouristInfo Metzingen und ggf. Restkarten an der Abendkasse.</p>



<p><strong>Kammermusik für Streichquartett</strong></p>


<div class="wp-block-image">
<figure class="alignright size-large is-resized"><img loading="lazy" decoding="async" width="1024" height="683" src="https://veranstaltungsring.de/vw/wp-content/uploads/2025/12/19_LOTUS-Quartett_09-2025_Sven-Cichowicz_highres_0I9A1411_klein-1024x683.jpg" alt="" class="wp-image-3185" style="aspect-ratio:1.4992728028256805;width:358px;height:auto" srcset="https://veranstaltungsring.de/vw/wp-content/uploads/2025/12/19_LOTUS-Quartett_09-2025_Sven-Cichowicz_highres_0I9A1411_klein-1024x683.jpg 1024w, https://veranstaltungsring.de/vw/wp-content/uploads/2025/12/19_LOTUS-Quartett_09-2025_Sven-Cichowicz_highres_0I9A1411_klein-300x200.jpg 300w, https://veranstaltungsring.de/vw/wp-content/uploads/2025/12/19_LOTUS-Quartett_09-2025_Sven-Cichowicz_highres_0I9A1411_klein-768x512.jpg 768w, https://veranstaltungsring.de/vw/wp-content/uploads/2025/12/19_LOTUS-Quartett_09-2025_Sven-Cichowicz_highres_0I9A1411_klein-1536x1024.jpg 1536w, https://veranstaltungsring.de/vw/wp-content/uploads/2025/12/19_LOTUS-Quartett_09-2025_Sven-Cichowicz_highres_0I9A1411_klein-2048x1366.jpg 2048w, https://veranstaltungsring.de/vw/wp-content/uploads/2025/12/19_LOTUS-Quartett_09-2025_Sven-Cichowicz_highres_0I9A1411_klein-840x560.jpg 840w, https://veranstaltungsring.de/vw/wp-content/uploads/2025/12/19_LOTUS-Quartett_09-2025_Sven-Cichowicz_highres_0I9A1411_klein-120x80.jpg 120w, https://veranstaltungsring.de/vw/wp-content/uploads/2025/12/19_LOTUS-Quartett_09-2025_Sven-Cichowicz_highres_0I9A1411_klein-360x240.jpg 360w, https://veranstaltungsring.de/vw/wp-content/uploads/2025/12/19_LOTUS-Quartett_09-2025_Sven-Cichowicz_highres_0I9A1411_klein-600x400.jpg 600w" sizes="auto, (max-width: 1024px) 100vw, 1024px" /><figcaption class="wp-element-caption">©Sven Cichowicz</figcaption></figure>
</div>


<p>1992 in Tokyo gegründet, ist das Lotus Quartett aus Stuttgart eines der wenigen rein weiblich besetzten Quartette, das so lange in annähernd unveränderter Besetzung auf Top-Niveau gespielt hat. Die für den Geist des Ensembles charakteristische Verschmelzung kultureller Einflüsse aus Japan und Deutschland bekommt nun weitere Impulse: Mit der Spielzeit 2025/26 wird Christine Busch Teil des Quartetts. Die als Professorin in Stuttgart lehrende Geigerin ist solistisch vor allem auf dem Gebiet der historischen Aufführungspraxis hervorgetreten und hat viel beachtete Einspielungen vorgelegt. Seit der Neubesetzung wechseln sich Sachiko Kobayashi und Christine Busch in den beiden Geigenparts ab. <br>Erstes großes Vorhaben in neuer Konstellation ist im März 2026 eine Japan-Tournee.</p>



<p>Seit seiner Gründung konnte sich das Lotus Quartett innerhalb kurzer Zeit als Gast der bedeutenden Reihen und Festivals etablieren. Seit 1998 war es jährlich mit zyklischen Projekten in Darmstadt zu hören. 2017 stand ein Beethoven-Zyklus in Japan auf dem Programm; 2018 folgten Aufführungen der späten Quartette Beethovens in mehreren japanischen Städten. Die Tournee zum 30-jährigen Bestehen des Ensembles im Februar 2023 umfasste die Darbietung aller sechs Quartette von Felix Mendelssohn.&nbsp;&nbsp;</p>



<p>Dauer: 2 Std. einschließlich einer Pause </p>


<div class="wp-block-image">
<figure class="aligncenter size-full is-resized"><img loading="lazy" decoding="async" width="1008" height="137" src="https://veranstaltungsring.de/vw/wp-content/uploads/2022/08/Logo_Kreissparkasse_Reutlingen_Mit_freundlicher_Unterstützung_856x116cm-Kopie-2.jpg" alt="" class="wp-image-1877" style="aspect-ratio:7.358244055395871;width:596px;height:auto" srcset="https://veranstaltungsring.de/vw/wp-content/uploads/2022/08/Logo_Kreissparkasse_Reutlingen_Mit_freundlicher_Unterstützung_856x116cm-Kopie-2.jpg 1008w, https://veranstaltungsring.de/vw/wp-content/uploads/2022/08/Logo_Kreissparkasse_Reutlingen_Mit_freundlicher_Unterstützung_856x116cm-Kopie-2-300x41.jpg 300w, https://veranstaltungsring.de/vw/wp-content/uploads/2022/08/Logo_Kreissparkasse_Reutlingen_Mit_freundlicher_Unterstützung_856x116cm-Kopie-2-768x104.jpg 768w" sizes="auto, (max-width: 1008px) 100vw, 1008px" /></figure>
</div>


<p></p>

<p>Samstag, 28.06.2026 I 19:00 Uhr Sparkassen-Forum Metzingen Einlass und Bewirtung ab 18:00 Uhr Eintritt: 22 € I ermäßigt 18 €[&#8230;]</p>
