{"id":3262,"date":"2026-02-05T08:51:21","date_gmt":"2026-02-05T07:51:21","guid":{"rendered":"https:\/\/veranstaltungsring.de\/vw\/?page_id=3262"},"modified":"2026-04-02T15:20:23","modified_gmt":"2026-04-02T13:20:23","slug":"11-04-2026-landesjugendorchester-bw","status":"publish","type":"page","link":"https:\/\/veranstaltungsring.de\/vw\/11-04-2026-landesjugendorchester-bw\/","title":{"rendered":"11.04.2026 Landesjugendorchester BW"},"content":{"rendered":"\n<p>Eine Kooperation mit der Musikschule Metzingen<\/p>\n\n\n\n<p><strong>Samstag, 11.04.2026 I 19:00 Uhr<\/strong> <br><strong>Stadthalle Metzingen<\/strong> <br><strong>Einlass ab 18:30 Uhr <\/strong> <\/p>\n\n\n\n<p>Eintritt: 24 \u20ac I erm\u00e4\u00dfigt 16 \u20ac I Sch\u00fcler 7 \u20ac I VRM-Mitglieder und Konzertreihe-Abonnenten frei &#8211; bitte Karte im VRM-B\u00fcro abholen! <br>Karten: Ticketservice der Musikschule Metzingen und an der Abendkasse. <\/p>\n\n\n\n<figure class=\"wp-block-image size-large\"><img loading=\"lazy\" decoding=\"async\" width=\"733\" height=\"1024\" src=\"https:\/\/veranstaltungsring.de\/vw\/wp-content\/uploads\/2026\/03\/Landesjugendorchester_Konzert_homepage-733x1024.jpg\" alt=\"\" class=\"wp-image-3271\" srcset=\"https:\/\/veranstaltungsring.de\/vw\/wp-content\/uploads\/2026\/03\/Landesjugendorchester_Konzert_homepage-733x1024.jpg 733w, https:\/\/veranstaltungsring.de\/vw\/wp-content\/uploads\/2026\/03\/Landesjugendorchester_Konzert_homepage-215x300.jpg 215w, https:\/\/veranstaltungsring.de\/vw\/wp-content\/uploads\/2026\/03\/Landesjugendorchester_Konzert_homepage-768x1073.jpg 768w, https:\/\/veranstaltungsring.de\/vw\/wp-content\/uploads\/2026\/03\/Landesjugendorchester_Konzert_homepage-1099x1536.jpg 1099w, https:\/\/veranstaltungsring.de\/vw\/wp-content\/uploads\/2026\/03\/Landesjugendorchester_Konzert_homepage-1466x2048.jpg 1466w, https:\/\/veranstaltungsring.de\/vw\/wp-content\/uploads\/2026\/03\/Landesjugendorchester_Konzert_homepage-scaled.jpg 1832w\" sizes=\"auto, (max-width: 733px) 100vw, 733px\" \/><\/figure>\n\n\n\n<p><strong>Mit Werken von Zolt\u00e1n Kod\u00e1ly, Karol Szymanowski und Antonin Dvor\u00e1k<\/strong><\/p>\n\n\n\n<p>Mit unb\u00e4ndiger Spielfreude, mitrei\u00dfenden Interpretationen und einem herausragenden k\u00fcnstlerischen Niveau begeistert das Landesjugendorchester Baden-W\u00fcrttemberg als Spitzenensemble der Jugendorchester in Baden-W\u00fcrttemberg seit 1972 Publikum und Kritiker gleicherma\u00dfen. Als anerkannte Ma\u00dfnahme in der musikalischen Spitzenf\u00f6rderung versammelt das Landesjugendorchester die gr\u00f6\u00dften Nachwuchstalente der Musikschulen unseres Bundeslandes zwischen 13 und 20 Jahren.<\/p>\n\n\n\n<p>Auf dem Programm stehen die \u201eT\u00e4nze aus Gal\u00e1nta\u201c von Zolt\u00e1n Kod\u00e1ly, die eindrucksvoll auf Grundlage \u00fcberlieferter Melodien der ungarischen Zigeunermusik komponiert wurden, die 4. Sinfonie \u2013 Symphonie concertante) f\u00fcr Klavier und Orchester von Karol Szymanowski, der das Werk dem ber\u00fchmten Pianisten Arthur Rubinstein gewidmet hat, und die 7. Sinfonie von Antonin Dvor\u00e1k, die sein gr\u00f6\u00dfter Erfolg zu seinen Lebzeiten war.<\/p>\n\n\n\n<p>Das Programm der Fr\u00fchjahrstournee des Landesjugendorchesters wird dieses Jahr von Valentin Egel, Generalmusikdirektor am kroatischen Nationaltheater Rijeka, dirigiert. Sein Engagement f\u00fcr den k\u00fcnstlerischen Nachwuchs f\u00fchrt den mehrfachen Preistr\u00e4ger internationaler Dirigentenwettbewerbe und durch das deutsche Dirigentenforum gef\u00f6rderten K\u00fcnstler im Fr\u00fchjahr mit dem Landesjugendorchester in die Konzerthallen Baden-W\u00fcrttembergs.<\/p>\n\n\n\n<p>Dauer ca. 2 Std. einschlie\u00dflich einer Pause<\/p>\n\n\n\n<p><\/p>\n\n\n<div class=\"wp-block-image\">\n<figure class=\"aligncenter size-full is-resized\"><img loading=\"lazy\" decoding=\"async\" width=\"460\" height=\"309\" src=\"https:\/\/veranstaltungsring.de\/vw\/wp-content\/uploads\/2023\/02\/Musikschule.jpg\" alt=\"\" class=\"wp-image-2130\" style=\"width:317px;height:auto\" srcset=\"https:\/\/veranstaltungsring.de\/vw\/wp-content\/uploads\/2023\/02\/Musikschule.jpg 460w, https:\/\/veranstaltungsring.de\/vw\/wp-content\/uploads\/2023\/02\/Musikschule-300x202.jpg 300w, https:\/\/veranstaltungsring.de\/vw\/wp-content\/uploads\/2023\/02\/Musikschule-120x80.jpg 120w\" sizes=\"auto, (max-width: 460px) 100vw, 460px\" \/><\/figure>\n<\/div>","protected":false},"excerpt":{"rendered":"<p>Eine Kooperation mit der Musikschule Metzingen Samstag, 11.04.2026 I 19:00 Uhr Stadthalle Metzingen Einlass ab 18:30 Uhr Eintritt: 24 \u20ac[&#8230;]<\/p>\n","protected":false},"author":4,"featured_media":3290,"parent":0,"menu_order":0,"comment_status":"closed","ping_status":"closed","template":"","meta":{"footnotes":""},"class_list":["post-3262","page","type-page","status-publish","has-post-thumbnail","hentry"],"_links":{"self":[{"href":"https:\/\/veranstaltungsring.de\/vw\/wp-json\/wp\/v2\/pages\/3262","targetHints":{"allow":["GET"]}}],"collection":[{"href":"https:\/\/veranstaltungsring.de\/vw\/wp-json\/wp\/v2\/pages"}],"about":[{"href":"https:\/\/veranstaltungsring.de\/vw\/wp-json\/wp\/v2\/types\/page"}],"author":[{"embeddable":true,"href":"https:\/\/veranstaltungsring.de\/vw\/wp-json\/wp\/v2\/users\/4"}],"replies":[{"embeddable":true,"href":"https:\/\/veranstaltungsring.de\/vw\/wp-json\/wp\/v2\/comments?post=3262"}],"version-history":[{"count":2,"href":"https:\/\/veranstaltungsring.de\/vw\/wp-json\/wp\/v2\/pages\/3262\/revisions"}],"predecessor-version":[{"id":3272,"href":"https:\/\/veranstaltungsring.de\/vw\/wp-json\/wp\/v2\/pages\/3262\/revisions\/3272"}],"wp:featuredmedia":[{"embeddable":true,"href":"https:\/\/veranstaltungsring.de\/vw\/wp-json\/wp\/v2\/media\/3290"}],"wp:attachment":[{"href":"https:\/\/veranstaltungsring.de\/vw\/wp-json\/wp\/v2\/media?parent=3262"}],"curies":[{"name":"wp","href":"https:\/\/api.w.org\/{rel}","templated":true}]}}

<p>Eine Kooperation mit der Musikschule Metzingen</p>



<p><strong>Samstag, 11.04.2026 I 19:00 Uhr</strong> <br><strong>Stadthalle Metzingen</strong> <br><strong>Einlass ab 18:30 Uhr </strong> </p>



<p>Eintritt: 24 € I ermäßigt 16 € I Schüler 7 € I VRM-Mitglieder und Konzertreihe-Abonnenten frei &#8211; bitte Karte im VRM-Büro abholen! <br>Karten: Ticketservice der Musikschule Metzingen und an der Abendkasse. </p>



<figure class="wp-block-image size-large"><img loading="lazy" decoding="async" width="733" height="1024" src="https://veranstaltungsring.de/vw/wp-content/uploads/2026/03/Landesjugendorchester_Konzert_homepage-733x1024.jpg" alt="" class="wp-image-3271" srcset="https://veranstaltungsring.de/vw/wp-content/uploads/2026/03/Landesjugendorchester_Konzert_homepage-733x1024.jpg 733w, https://veranstaltungsring.de/vw/wp-content/uploads/2026/03/Landesjugendorchester_Konzert_homepage-215x300.jpg 215w, https://veranstaltungsring.de/vw/wp-content/uploads/2026/03/Landesjugendorchester_Konzert_homepage-768x1073.jpg 768w, https://veranstaltungsring.de/vw/wp-content/uploads/2026/03/Landesjugendorchester_Konzert_homepage-1099x1536.jpg 1099w, https://veranstaltungsring.de/vw/wp-content/uploads/2026/03/Landesjugendorchester_Konzert_homepage-1466x2048.jpg 1466w, https://veranstaltungsring.de/vw/wp-content/uploads/2026/03/Landesjugendorchester_Konzert_homepage-scaled.jpg 1832w" sizes="auto, (max-width: 733px) 100vw, 733px" /></figure>



<p><strong>Mit Werken von Zoltán Kodály, Karol Szymanowski und Antonin Dvorák</strong></p>



<p>Mit unbändiger Spielfreude, mitreißenden Interpretationen und einem herausragenden künstlerischen Niveau begeistert das Landesjugendorchester Baden-Württemberg als Spitzenensemble der Jugendorchester in Baden-Württemberg seit 1972 Publikum und Kritiker gleichermaßen. Als anerkannte Maßnahme in der musikalischen Spitzenförderung versammelt das Landesjugendorchester die größten Nachwuchstalente der Musikschulen unseres Bundeslandes zwischen 13 und 20 Jahren.</p>



<p>Auf dem Programm stehen die „Tänze aus Galánta“ von Zoltán Kodály, die eindrucksvoll auf Grundlage überlieferter Melodien der ungarischen Zigeunermusik komponiert wurden, die 4. Sinfonie – Symphonie concertante) für Klavier und Orchester von Karol Szymanowski, der das Werk dem berühmten Pianisten Arthur Rubinstein gewidmet hat, und die 7. Sinfonie von Antonin Dvorák, die sein größter Erfolg zu seinen Lebzeiten war.</p>



<p>Das Programm der Frühjahrstournee des Landesjugendorchesters wird dieses Jahr von Valentin Egel, Generalmusikdirektor am kroatischen Nationaltheater Rijeka, dirigiert. Sein Engagement für den künstlerischen Nachwuchs führt den mehrfachen Preisträger internationaler Dirigentenwettbewerbe und durch das deutsche Dirigentenforum geförderten Künstler im Frühjahr mit dem Landesjugendorchester in die Konzerthallen Baden-Württembergs.</p>



<p>Dauer ca. 2 Std. einschließlich einer Pause</p>



<p></p>


<div class="wp-block-image">
<figure class="aligncenter size-full is-resized"><img loading="lazy" decoding="async" width="460" height="309" src="https://veranstaltungsring.de/vw/wp-content/uploads/2023/02/Musikschule.jpg" alt="" class="wp-image-2130" style="width:317px;height:auto" srcset="https://veranstaltungsring.de/vw/wp-content/uploads/2023/02/Musikschule.jpg 460w, https://veranstaltungsring.de/vw/wp-content/uploads/2023/02/Musikschule-300x202.jpg 300w, https://veranstaltungsring.de/vw/wp-content/uploads/2023/02/Musikschule-120x80.jpg 120w" sizes="auto, (max-width: 460px) 100vw, 460px" /></figure>
</div>
